*b**2 - 4*b - 4. Let u be q(-2). Determine a(u).
-5
Let b(i) = -i**2 - 8*i - 8. Let m be b(-6). Suppose -q - 3 = -4*q. Let s(w) = w**2 - 1 - 1 - m*w - q. Calculate s(4).
-3
Suppose 0 = -k - 0*k - 3. Let b(d) be the third derivative of -2*d**2 + 0*d - 1/60*d**5 + 0 + 1/3*d**3 - 1/8*d**4. Calculate b(k).
2
Suppose 2*t = -4*y - 16, 2*t = -2*y + 4*t - 2. Let d(p) = -p**2 - 4*p - 1. Let u be d(y). Let x(z) = z**3 - 2*z**2 - z + 1. What is x(u)?
-1
Let o(r) = r + r**2 - r - 4*r + 5 - 3*r**2. Determine o(-4).
-11
Let n(b) = -3*b. Let p = 20 + -16. Determine n(p).
-12
Let v be (1/3)/((-6)/(-18)). Let k(b) = 3*b + v + b + b - 4*b. What is k(5)?
6
Let m(a) be the third derivative of -a**4/8 + a**3/3 + 16*a**2. Calculate m(2).
-4
Let h(p) be the first derivative of -5/3*p**3 + p - 2*p**2 - 1/4*p**4 + 1. Calculate h(-3).
-5
Let b(q) = q**2 + 5*q + 5. Let u = -6 - -7. Suppose u = -5*s - 19. Calculate b(s).
1
Let y(s) = -2*s**2 + 1. Let g(o) = -o**2 + o + 4. Suppose -2 = -2*w + z, -5*z + 6 + 2 = -4*w. Let b be g(w). Determine y(b).
-7
Suppose -4*c + 24 = 4*p, 8 = -4*c + 3*p - 3. Let b(j) be the first derivative of -c + j + 5/2*j**2 - 1/3*j**3. Calculate b(4).
5
Let k be (-3)/(3/4) - 1. Let j(o) be the third derivative of o**4/24 + 5*o**3/6 - 49*o**2. What is j(k)?
0
Let h(u) = 3*u**3 + u**2 - 2*u + 1. Let b = 8 + -7. Determine h(b).
3
Let c(k) = -4*k**2 - 2*k - 6. Let b(l) = -l**2 - 6*l + 3*l + 2*l + 2*l. Let g(o) = -3*b(o) + c(o). Calculate g(-5).
-6
Let d(t) = 25*t**2 + 4*t - 26*t**2 - 12*t - 8. Calculate d(-6).
4
Suppose 0 = -5*r + 5*l - 20, -4 = -4*r - 4*l + 4. Let i = -2 - r. Let x(v) = 5*v**3 + 1. Give x(i).
-4
Let g(t) = t**3 + 3*t**2 - 7*t - 5. Let m be g(-4). Let o(p) = -p**2 + 7*p - 5. Let a be o(m). Let i(j) = j - 3. What is i(a)?
-8
Let z(r) = r**2 + 3*r + 1. Let u(k) = -k - 6. Let f(q) = q**2 - 7*q - 3. Let v be f(7). Let m be u(v). What is z(m)?
1
Let m(k) = k**2. Suppose -5*s - 2*p + 6*p = -5, -2*p = 0. Let l(c) = -c**3 - 9*c**2 - 4*c + 4. Let r(n) = s*l(n) + 3*m(n). What is r(-5)?
-1
Let s(k) = -k - 2. Let h(o) = 4*o. Let j be h(4). Suppose 5*t - 7*t + j = 0. Suppose 4*r + 0*r - t = 5*y, 4*r + 32 = -5*y. Determine s(r).
1
Let z(m) be the second derivative of -5/2*m**2 + 0 - 5*m - 1/3*m**3. Determine z(-5).
5
Let x be 55/11*(-6)/10. Let j = 6 + -2. Let p(n) = 2*n + j*n**2 + n**3 - 4 + 2*n**2 - 2*n**2. What is p(x)?
-1
Suppose -5*h - 6 = 2*q, 4*h = 3*q + 3*h - 8. Let r(m) be the first derivative of -4/3*m**3 + q + 1/4*m**4 + 2*m - 1/2*m**2. Determine r(4).
-2
Let u be 2 + -2 + 4 - 3. Let l(j) = 27*j - 1. Determine l(u).
26
Let j(d) = d**3 - 4*d**2 - 5*d - 5. Suppose 3*v + 21 = 2*v. Let z be (-8)/32 + v/(-4). Determine j(z).
-5
Let r(l) = -1167*l + 589*l - 2 + 585*l + l**2. Let p(w) = w**2 - w - 2. Let b be p(0). Let m = -8 - b. Calculate r(m).
-8
Let a(x) be the first derivative of 1/2*x**2 + 1/3*x**3 + 7 + 3*x. What is a(0)?
3
Let n = -5 + 3. Let h(c) = -1 + 3*c - 5*c**2 + 7*c**2 - 3 + 6. What is h(n)?
4
Let h be (-1)/(1*2/(-6)). Let t = h + -3. Let w(n) = 2*n - n**2 + t*n - 3*n + 7 + 0*n**2. Give w(0).
7
Let w(v) be the third derivative of v**4/24 - 11*v**3/6 - 27*v**2. Calculate w(9).
-2
Let n be (-2)/(-5) + (-66)/15. Let k(z) = -20*z - 20. Let v(q) = 7*q + 7. Let s(j) = -6*k(j) - 17*v(j). Give s(n).
-3
Suppose -5*b = 2*h - 3 + 1, -4*h + 4*b = -4. Let c be 4 - ((0 - 1) + h). Let w(u) = -5 - 3*u**2 + 3 + c*u**2 + 2*u. Calculate w(-4).
6
Let i(q) = 4*q**2 - 3*q - 1. Let j(h) = 15*h**2 - 13*h - 4. Let p(c) = 9*i(c) - 2*j(c). Suppose 0 = 32*m - 36*m - 4. What is p(m)?
6
Let d(s) = -14*s + 3*s**2 + 1 + 8*s + 2*s**2 + 4*s. Suppose 2*f + 1 = 3. Let n be d(f). Let h(x) = -x**3 + 5*x**2 - x - 5. Give h(n).
7
Let h(c) be the first derivative of -c**3/3 - 7*c**2/2 - 6*c - 25. Give h(-5).
4
Let i(m) = -m**3 + 4*m**2 + 4. Suppose 8*d + 8 = 10*d. Calculate i(d).
4
Let z(g) = g. Let b(v) = -3*v**2 + 2*v + 1. Let p be b(-1). Let s = -3 - p. Suppose -3 = -2*u + s. What is z(u)?
2
Let b(m) = m**2 + 15*m + 32. Let g be b(-13). Let c(x) = -x + 8. Determine c(g).
2
Suppose 3*s = 2*s + 5. Let c(o) = -5*o + 6. What is c(s)?
-19
Let i be 1 - (2/6)/((-4)/(-12)). Let y(o) = -o**2 - o - 5. What is y(i)?
-5
Let l(t) = t**2 - 5*t - 1. Let g be (0 + (-4)/(-2))*8. Suppose -4*n = -4 - g. Give l(n).
-1
Let x(k) = -6*k**3 - 9*k**2 - 3*k - 6. Let q(f) = 5*f**3 + 8*f**2 + 2*f + 5. Let s(y) = 5*q(y) + 4*x(y). Calculate s(-4).
9
Let s(f) = -3*f + 5 + 3*f**2 + 4*f - 4*f**2. Suppose 3*x = 3*o - 0*x - 18, x + 4 = 0. Let t be 0/(o*3/6). Determine s(t).
5
Let b = 55 + -51. Let f(t) = -t**3 + 4*t**2 + 4*t + 1. What is f(b)?
17
Let u(h) be the third derivative of -h**4/24 - h**3/2 - 2*h**2. Suppose 3*a + 0 - 9 = 0. Calculate u(a).
-6
Let f(j) = -j**2 - j**3 - 3*j**2 + 0*j**2 + 4*j. Let d(w) = 3*w + 6*w**3 - 7*w**3 - 10*w**2 - 11*w + 4. Let b be d(-9). Calculate f(b).
5
Let g(s) = s**3 - s**2 + s + 1. Let v(l) = -3*l**3 + 2*l**2 - 5*l - 6. Let q(x) = -4*g(x) - v(x). Calculate q(3).
-4
Suppose -4*g + 29 - 5 = 0. Let u(p) be the first derivative of -p**3/3 + 7*p**2/2 + 3*p + 1. Determine u(g).
9
Let m(w) = 4*w - w**2 + 2 - 4*w + 2*w**2 + w. Let q be (-1 - -4) + -2 + 0. Let g = q + -3. Calculate m(g).
4
Let f(d) = d**3 + 2*d**2 - 3*d + 3. Let s be f(-3). Suppose -3*v - s = -2*v. Let k(g) = g**3 + 3*g**2 - 2*g. What is k(v)?
6
Let v(u) = 4 - 2 - 17 - u + 6. Let q = -14 + 10. What is v(q)?
-5
Let q(v) = v + 1. Let n(g) = 1. Let h(w) = -n(w) - q(w). Let f be 34/(-9) + 8/(-36). What is h(f)?
2
Let z be 2 + (-1 - (0 + 0)). Suppose 0 = -0*j + 5*j - 5. Let l(g) = -7*g**2 - g**3 - j + 7*g**2 + 2*g**2. Calculate l(z).
0
Let p(c) = c**3 - 2*c**3 - 1 + c - c**2 - 10*c**3. Calculate p(1).
-12
Suppose 8*t = -7*t - 30. Let x(c) = 2*c**3 + c**2 + c. What is x(t)?
-14
Let h(a) = 3*a**2 + 2*a. Let l be h(-3). Let c = 15 - l. Let n(d) = -d - 7. What is n(c)?
-1
Let c(x) = -1. Let f(n) = -2*n**3 + 4*n**2 + 2*n - 7. Let o(i) = 3*c(i) - f(i). Give o(3).
16
Suppose -11 = -2*w + 1. Let b(f) = 3*f**2 + 3*f + 2. Let n(g) = -4*g**2 - 2*g - 3. Let j(h) = 5*b(h) + 4*n(h). Give j(w).
4
Let j(m) = m**2 - 3*m + 3. Let b = -4 - -4. Suppose -4 = -b*l - l. Determine j(l).
7
Let n(s) = s - 4. Suppose -14*o = -12*o - 6. What is n(o)?
-1
Let w(q) = q**3 + 3*q**2 + 2*q + 3. Suppose 4 + 6 = 2*l. Suppose -3*v - 3 = 2*c + 3, l*c = v + 2. Determine w(v).
3
Let w(p) = -4*p - 2. Let h be w(2). Let i be (6 - 4)/((-4)/h). Let t(l) = -l**2 + 5*l + 2. Give t(i).
2
Suppose 3*o - 4*o + 25 = 0. Suppose -4*z + o = 3*l, 2*l - z = 4*z - 14. Suppose -3*n - 13 = l*i - i, -5*i = -5*n - 30. Let s(r) = -r - 5. Calculate s(n).
0
Suppose -p - 6 = -2*m - 17, -5*m = -5*p + 20. Let x(y) = y**3 + 7*y**2 - 2*y + 2. Determine x(m).
16
Suppose 0 = -o - o + 6. Let d(j) = -j**2 + 4*j - 1. What is d(o)?
2
Let p(l) = l - 9. Let v be p(5). Let d(k) be the first derivative of -k**5/60 - k**4/24 + k**3/3 + 1. Let m(w) be the third derivative of d(w). Determine m(v).
7
Let r(i) = i**3 + i**2 + i + 16. Suppose -14*a = -9*a. Give r(a).
16
Let c(r) = r**3 - r + 1. Let i(g) = -3*g - 1. Let z(o) = o. Let j(y) = 2*i(y) + 7*z(y). Let n(q) = q + 8. Let l be n(-6). Let d be j(l). Determine c(d).
1
Let a(v) = v**2 - 4*v - 2. Suppose -1 + 5 = d. Suppose 0*l + d*l - 4 = 0. Suppose -3*o + 4*h + 1 = -4, 0 = -h + l. Give a(o).
-5
Let k(z) = z**2 + 6. Let v(j) = j**2 + 4*j + 4. Let g be v(-4). Suppose 5*i + g = -21. Let x(m) = m**2 + 5. Let n(o) = i*k(o) + 6*x(o). What is n(-2)?
4
Let q(w) = 2*w - 1. Let k be 6*(-1 - -3)/4. Let c = k - 5. What is q(c)?
-5
Let y = -22 + 19. Suppose 0 = -t + 4. Let k(d) = -5 + 3*d - t*d + 3. Determine k(y).
1
Let t(s) be the second derivative of 7*s**3/6 - 2*s**2 - 7*s. Determine t(-3).
-25
Let k = 29 + -31. Let y(t) = -12*t + 7. Let a(b) = 13*b - 8. Let m(s) = 5*a(s) + 6*y(s). Let p(z) = -21*z + 5. Let v(g) = 8*m(g) - 3*p(g). Calculate v(k).
-13
Let n(o) = -4*o**2 - 4*o - 1 + 2*o + 2*o**2 - 7*o**3. Determine n(-1).
6
Let f(z) = -2*z + 1. Let v(s) be the second derivative of -s**3/2 + 2*s. Let n be v(-1). Suppose n*y + 0 - 11 = b, 2*b - 11 = -5*y. Calculate f(b).
5
Let i(q) = -3*q - 1. Let a(z) = -3. Let c(b) = 7. Let s(h) = -9*a(h) - 4*c(h). Let u(o) = -i(o) + 2*s(o). Determine u(1).
2
Let q be -1 - (-6)/9*-3. Let v(s) = 0 + 2 - s - s - 4. G